{"id":637,"date":"2018-02-26T10:19:18","date_gmt":"2018-02-26T08:19:18","guid":{"rendered":"http:\/\/karrier.dyntell.com\/?page_id=637"},"modified":"2025-01-06T12:58:05","modified_gmt":"2025-01-06T10:58:05","slug":"android-fejlesztes","status":"publish","type":"page","link":"https:\/\/karrier.dyntell.com\/index.php\/android-fejlesztes\/","title":{"rendered":"Android fejleszt\u00e9s"},"content":{"rendered":"<p>Az Android fejleszt\u00e9s c\u00e9g\u00fcnk legfiatalabb fejleszt\u00e9si ter\u00fclete, f\u0151k\u00e9nt az ERP rendszerhez kapcsol\u00f3d\u00f3 Androidos alkalmaz\u00e1sok fejleszt\u00e9s\u00e9vel foglalkoznak, amelyek k\u00f6z\u00fcl a legkiemelked\u0151bb a Mobil.Sale rendszer. A Mobile.Sale az \u00e9rt\u00e9kes\u00edt\u0151k munk\u00e1j\u00e1t hivatott t\u00e1mogatni, de rendelkezik a rakt\u00e1roz\u00e1st \u00e9s a termel\u00e9st seg\u00edt\u0151 modulokkal is. A csapatban jelenleg 2 fejleszt\u0151 dolgozik, \u0151k a megl\u00e9v\u0151 alkalmaz\u00e1sok karbantart\u00e1sa mellett \u00faj, term\u00e9kfejleszt\u00e9s jelleg\u0171 munk\u00e1kat is v\u00e9geznek. A ter\u00fcleten haszn\u00e1lt technol\u00f3gi\u00e1k \u00e9s fejleszt\u0151i eszk\u00f6z\u00f6k: Android Studio a kliens oldali fejleszt\u00e9shez, IntelliJ IDEA a szerver oldali fejleszt\u00e9shez, Java nyelv, Kotlin nyelv, Spring MVC, Spring Boot, Realm, SQLite, Retrofit, ReactiveX\/RxJava, JSON, Butterknife, Glide, OkHttp, EventBus, Gson.<\/p>\n<p><a href=\"https:\/\/karrier.dyntell.com\/#allasajanlataink\"><span style=\"color: #0678be;\"><b>Ismerd meg a nyitott poz\u00edci\u00f3inkat<\/b><\/span><\/a><\/p>\n","protected":false},"excerpt":{"rendered":"<p>Az Android fejleszt\u00e9s c\u00e9g\u00fcnk legfiatalabb fejleszt\u00e9si ter\u00fclete, f\u0151k\u00e9nt az ERP rendszerhez kapcsol\u00f3d\u00f3 Androidos alkalmaz\u00e1sok fejleszt\u00e9s\u00e9vel foglalkoznak, amelyek k\u00f6z\u00fcl a legkiemelked\u0151bb a Mobil.Sale rendszer. A Mobile.Sale az \u00e9rt\u00e9kes\u00edt\u0151k munk\u00e1j\u00e1t hivatott t\u00e1mogatni, de rendelkezik a rakt\u00e1roz\u00e1st \u00e9s a termel\u00e9st seg\u00edt\u0151 modulokkal is. A csapatban jelenleg 2 fejleszt\u0151 dolgozik, \u0151k a megl\u00e9v\u0151 alkalmaz\u00e1sok karbantart\u00e1sa mellett \u00faj, term\u00e9kfejleszt\u00e9s jelleg\u0171 [&hellip;]<\/p>\n<a class=\"cv-readmore\" href=\"https:\/\/karrier.dyntell.com\/index.php\/android-fejlesztes\/\">Read More<\/a>","protected":false},"author":1,"featured_media":0,"parent":0,"menu_order":0,"comment_status":"closed","ping_status":"closed","template":"pagewithslider.php","meta":{"_monsterinsights_skip_tracking":false,"_monsterinsights_sitenote_active":false,"_monsterinsights_sitenote_note":"","_monsterinsights_sitenote_category":0,"footnotes":""},"class_list":["post-637","page","type-page","status-publish","hentry"],"_links":{"self":[{"href":"https:\/\/karrier.dyntell.com\/index.php\/wp-json\/wp\/v2\/pages\/637","targetHints":{"allow":["GET"]}}],"collection":[{"href":"https:\/\/karrier.dyntell.com\/index.php\/wp-json\/wp\/v2\/pages"}],"about":[{"href":"https:\/\/karrier.dyntell.com\/index.php\/wp-json\/wp\/v2\/types\/page"}],"author":[{"embeddable":true,"href":"https:\/\/karrier.dyntell.com\/index.php\/wp-json\/wp\/v2\/users\/1"}],"replies":[{"embeddable":true,"href":"https:\/\/karrier.dyntell.com\/index.php\/wp-json\/wp\/v2\/comments?post=637"}],"version-history":[{"count":8,"href":"https:\/\/karrier.dyntell.com\/index.php\/wp-json\/wp\/v2\/pages\/637\/revisions"}],"predecessor-version":[{"id":1582,"href":"https:\/\/karrier.dyntell.com\/index.php\/wp-json\/wp\/v2\/pages\/637\/revisions\/1582"}],"wp:attachment":[{"href":"https:\/\/karrier.dyntell.com\/index.php\/wp-json\/wp\/v2\/media?parent=637"}],"curies":[{"name":"wp","href":"https:\/\/api.w.org\/{rel}","templated":true}]}}