{"id":1301,"date":"2021-02-02T11:05:52","date_gmt":"2021-02-02T09:05:52","guid":{"rendered":"https:\/\/karrier.dyntell.com\/?page_id=1301"},"modified":"2024-07-25T15:00:49","modified_gmt":"2024-07-25T13:00:49","slug":"erp-tanacsado-2","status":"publish","type":"page","link":"https:\/\/karrier.dyntell.com\/index.php\/erp-tanacsado-2\/","title":{"rendered":"ERP Tan\u00e1csad\u00f3"},"content":{"rendered":"<p><span style=\"font-weight: 400;\">A Dyntell Software <\/span><span style=\"font-weight: 400;\">(<\/span><a href=\"https:\/\/dyntell.com\/\"><b>www.dyntell.com<\/b><\/a><span style=\"font-weight: 400;\">) <\/span><span style=\"font-weight: 400;\">debreceni k\u00f6zpont\u00fa szoftverfejleszt\u0151 v\u00e1llalat, amely k\u00f6zel h\u00e1rom \u00e9vtizedes m\u00falttal fejleszt \u00e9s vezet be v\u00e1llalatir\u00e1ny\u00edt\u00e1si (ERP), \u00e9s \u00fczleti intelligencia (BI) \u00e9s mesters\u00e9ges intelligencia (AI) rendszereket a vil\u00e1g sz\u00e1mos pontj\u00e1n.<\/span><\/p>\n<p><span style=\"font-weight: 400;\">Az \u00fczleti rendszerek piac\u00e1n jelenleg forradalom zajlik: a v\u00e1llalati digit\u00e1lis idegrendszer megalkot\u00e1sa, amely a mesters\u00e9ges intelligencia seg\u00edts\u00e9g\u00e9vel \u00e1t fogja alak\u00edtani a glob\u00e1lis gazdas\u00e1g m\u0171k\u00f6d\u00e9s\u00e9t.<\/span><\/p>\n<p><b>A Dyntell hitvall\u00e1sa:<\/b><\/p>\n<p><span style=\"font-weight: 400;\">&#8222;K\u00f6rnyezet\u00fcnk teljes megismer\u00e9s\u00e9vel \u00e9s meg\u00e9rt\u00e9s\u00e9vel c\u00e9lunk az optim\u00e1lis m\u0171k\u00f6d\u00e9s \u00e9s egy\u00fcttm\u0171k\u00f6d\u00e9s megteremt\u00e9se, hogy egyre jobb \u00e9s jobb helly\u00e9 tegy\u00fck a vil\u00e1gunkat.&#8221;<\/span><\/p>\n<p><span style=\"font-weight: 400;\">Ennek szellem\u00e9ben k\u00f6zel 100 f\u0151 dolgozik n\u00e1lunk azon, hogy technol\u00f3gi\u00e1ban \u00e9s gazdas\u00e1gi szaktud\u00e1sban megel\u0151zve m\u00e1sokat, szolg\u00e1ltat\u00e1saink val\u00f3di, m\u00e9rhet\u0151 el\u0151nyt jelenthessenek \u00fcgyfeleink sz\u00e1m\u00e1ra. K\u00f6zel k\u00e9tmilli\u00f3 \u00f3r\u00e1t t\u00f6lt\u00f6tt\u00fcnk eddig a rendszereink fejleszt\u00e9s\u00e9vel, \u00e9s sz\u00e1zezres nagys\u00e1grend\u0171 csak rendszerek bevezet\u00e9shez kapcsol\u00f3d\u00f3 tan\u00e1csad\u00f3i napon vagyunk t\u00fal.<\/span><\/p>\n<p><span style=\"font-weight: 400;\">T\u00f6bb, mint 500 \u00fcgyfel\u00fcnk itthon \u00e9s k\u00fclf\u00f6ld\u00f6n (Rom\u00e1nia, Lengyelorsz\u00e1g, Szerbia, Szlov\u00e1kia, USA) egyet\u00e9rt abban, hogy a digit\u00e1lis transzform\u00e1ci\u00f3 a termel\u00e9kenys\u00e9g n\u00f6vel\u00e9s\u00e9nek els\u0151dleges hajt\u00f3ereje.<\/span><\/p>\n<p><span style=\"font-weight: 400;\">A k\u00f6vetkez\u0151 \u00e9vek f\u00f3kusza az \u00faj felh\u0151 alap\u00fa Dyntell Platform fejleszt\u00e9se, amihez az al\u00e1bbi munkak\u00f6rbe keres\u00fcnk \u00faj koll\u00e9g\u00e1t:<\/span><\/p>\n<p>&nbsp;<\/p>\n<h2 style=\"text-align: center;\"><b>ERP Tan\u00e1csad\u00f3<\/b><\/h2>\n<p><b>Mi\u00e9rt lehet j\u00f3 v\u00e1laszt\u00e1s sz\u00e1modra a DYNTELL?<\/b><\/p>\n<p><span style=\"font-weight: 400;\">A DYNTELL rendszerek leg\u00fajabb v\u00e1ltozataival dolgozhatsz,\u00a0amelyek hozz\u00e1j\u00e1rulnak a megfelel\u0151 szak\u00e9rtelem k\u00eds\u00e9ret\u00e9ben ahhoz, hogy min\u0151s\u00e9gi szolg\u00e1ltat\u00e1st ny\u00fajtsunk partnereink, \u00fcgyfeleink sz\u00e1m\u00e1ra.\u00a0<\/span><\/p>\n<p><span style=\"font-weight: 400;\">R\u00e9szt vehetsz a term\u00e9kvonali \u00e9s projektfejleszt\u00e9sek koncepcion\u00e1l\u00e1si, fejleszt\u00e9si folyamat\u00e1ban, majd az \u00fcgyfeleink a te bemutat\u00e1sodban ismerhetik meg azokat. Mindig nyitottak vagyunk \u00f6tleteid meghallgat\u00e1s\u00e1ra, megval\u00f3s\u00edt\u00e1s\u00e1ra. Itt \u00e9s m\u00e1s feladatok, ter\u00fcletek kapcs\u00e1n egyar\u00e1nt.\u00a0<\/span><\/p>\n<p><span style=\"font-weight: 400;\">N\u00e1lunk a l\u00e9nyeg az \u00e9rt\u00e9kteremt\u00e9s, \u00e9s hogy ehhez a feladatokat elv\u00e9gezz\u00fck. Hogy hol &#8211; ak\u00e1r \u00fcgyf\u00e9ln\u00e9l, ak\u00e1r irod\u00e1ban, ak\u00e1r otthon \u2013, \u00e9s hogy pontosan mikor, azt rugalmasan alak\u00edtjuk.<\/span><\/p>\n<p><span style=\"font-weight: 400;\">Fontos sz\u00e1munkra a megfelel\u0151 hozz\u00e1\u00e1ll\u00e1s: szeret\u00fcnk mindent IS megoldani, egy\u00fctt, egym\u00e1st seg\u00edtve, \u00e9s hisz\u00fcnk a folyamatos fejl\u0151d\u00e9sben. Mindez ugyan\u00fagy jellemzi a csapattagokat, mint a vezet\u00e9st.<\/span><\/p>\n<p><b>TE vagy az ide\u00e1lis jel\u00f6lt, ha:<\/b><\/p>\n<ul>\n<li style=\"font-weight: 400;\" aria-level=\"1\"><span style=\"font-weight: 400;\">Munk\u00e1d sor\u00e1n haszn\u00e1lt\u00e1l m\u00e1r v\u00e1llalatir\u00e1ny\u00edt\u00e1si rendszert<\/span><\/li>\n<li style=\"font-weight: 400;\" aria-level=\"1\"><span style=\"font-weight: 400;\">Kiv\u00e1l\u00f3 kommunik\u00e1ci\u00f3s \u00e9s kapcsolatteremt\u0151 k\u00e9szs\u00e9gekkel b\u00edrsz<\/span><\/li>\n<li style=\"font-weight: 400;\" aria-level=\"1\"><span style=\"font-weight: 400;\">Pontosan, prec\u00edzen, megb\u00edzhat\u00f3an \u00e9s \u00f6n\u00e1ll\u00f3an v\u00e9gzed a munk\u00e1dat<\/span><\/li>\n<li style=\"font-weight: 400;\" aria-level=\"1\"><span style=\"font-weight: 400;\">A probl\u00e9m\u00e1kat gyorsan \u00e9s hat\u00e9konyan kezeled<\/span><\/li>\n<li style=\"font-weight: 400;\" aria-level=\"1\"><span style=\"font-weight: 400;\">Analitikus \u00e9s rendszerszint\u0171 gondolkod\u00e1s, gyors felfog\u00f3k\u00e9pess\u00e9g jellemez<\/span><\/li>\n<li style=\"font-weight: 400;\" aria-level=\"1\"><span style=\"font-weight: 400;\">T\u00fcrelmes, talpraesett \u00e9s ambici\u00f3zus szem\u00e9lyis\u00e9g vagy<\/span><\/li>\n<li style=\"font-weight: 400;\" aria-level=\"1\"><span style=\"font-weight: 400;\">\u00dcgyf\u00e9lcentrikus hozz\u00e1\u00e1ll\u00e1ssal b\u00edrsz<\/span><\/li>\n<li style=\"font-weight: 400;\" aria-level=\"1\"><span style=\"font-weight: 400;\">\u201cB\u201d kateg\u00f3ri\u00e1s jogos\u00edtv\u00e1nnyal rendelkezel<\/span><\/li>\n<\/ul>\n<p><b>Feladataid a k\u00f6vetkez\u0151k lesznek:<\/b><\/p>\n<ul>\n<li style=\"font-weight: 400;\" aria-level=\"1\"><span style=\"font-weight: 400;\">Dyntell ERP rendszer modulj\u00e1nak bevezet\u00e9s\u00e9ben val\u00f3 r\u00e9szv\u00e9tel v\u00e1ltozatos ipar\u00e1gakban tev\u00e9kenyked\u0151 partnereinkn\u00e9l<\/span><\/li>\n<li style=\"font-weight: 400;\" aria-level=\"1\"><span style=\"font-weight: 400;\">\u00dcgyfelek folyamatainak \u00e9s ig\u00e9nyeinek felm\u00e9r\u00e9se, koncepci\u00f3 kidolgoz\u00e1sa, sz\u00fcks\u00e9ges fejleszt\u00e9sek megtervez\u00e9se, specifik\u00e1l\u00e1sa<\/span><\/li>\n<li style=\"font-weight: 400;\" aria-level=\"1\"><span style=\"font-weight: 400;\">Elfogadott rendszerterv alapj\u00e1n protot\u00edpus kialak\u00edt\u00e1sa, kapcsol\u00f3d\u00f3 fejleszt\u00e9sek ellen\u0151rz\u00e9se, beilleszt\u00e9se a folyamatokba<\/span><\/li>\n<li style=\"font-weight: 400;\" aria-level=\"1\"><span style=\"font-weight: 400;\">Oktat\u00e1sok megtart\u00e1sa, tesztel\u00e9s, teszt\u00fczemi \u00e9s \u00e9les\u00fczemi t\u00e1mogat\u00e1s, projekt \u00e1tad\u00e1sa support csapatnak<\/span><\/li>\n<li style=\"font-weight: 400;\" aria-level=\"1\"><span style=\"font-weight: 400;\">Szoros egy\u00fcttm\u0171k\u00f6d\u00e9s a projektvezet\u0151vel \u00e9s a projekttagokkal<\/span><\/li>\n<li style=\"font-weight: 400;\" aria-level=\"1\"><span style=\"font-weight: 400;\">\u00dcgyf\u00e9lkapcsolatok \u00e1pol\u00e1sa, \u00fcgyf\u00e9lmegtart\u00e1s<\/span><\/li>\n<\/ul>\n<p><b>El\u0151nyt jelent:<\/b><\/p>\n<ul>\n<li style=\"font-weight: 400;\" aria-level=\"1\"><span style=\"font-weight: 400;\">ERP rendszer bevezet\u00e9s\u00e9ben, tervez\u00e9s\u00e9ben szerzett tapasztalat<\/span><\/li>\n<li style=\"font-weight: 400;\" aria-level=\"1\"><span style=\"font-weight: 400;\">Stabil SQL ismeretek<\/span><\/li>\n<li style=\"font-weight: 400;\" aria-level=\"1\"><span style=\"font-weight: 400;\">Adatvizializ\u00e1ci\u00f3ban szerzett tapasztalat<\/span><\/li>\n<li style=\"font-weight: 400;\" aria-level=\"1\"><span style=\"font-weight: 400;\">Adatb\u00e1ny\u00e1szatban szerzett tapasztalat<\/span><\/li>\n<li style=\"font-weight: 400;\" aria-level=\"1\"><span style=\"font-weight: 400;\">Angol nyelvtud\u00e1s<\/span><\/li>\n<\/ul>\n<p><b>V\u00e9gzetts\u00e9g: <\/b> <span style=\"font-weight: 400;\">Informatikai, m\u0171szaki vagy gazdas\u00e1gi v\u00e9gzetts\u00e9g<\/span><\/p>\n<p><b>Ami\u00e9rt \u00e9rdemes jelentkezned:<\/b><\/p>\n<ul>\n<li style=\"font-weight: 400;\" aria-level=\"1\"><span style=\"font-weight: 400;\">Hossz\u00fa t\u00e1v\u00fa, biztos munkalehet\u0151s\u00e9g<\/span><\/li>\n<li style=\"font-weight: 400;\" aria-level=\"1\"><span style=\"font-weight: 400;\">Mag\u00e1n eg\u00e9szs\u00e9g\u00fcgyi biztos\u00edt\u00e1s<\/span><\/li>\n<li style=\"font-weight: 400;\" aria-level=\"1\"><span style=\"font-weight: 400;\">Laptop \u00e9s mobiltelefon<\/span><\/li>\n<li style=\"font-weight: 400;\" aria-level=\"1\"><span style=\"font-weight: 400;\">Home office lehet\u0151s\u00e9g<\/span><\/li>\n<li style=\"font-weight: 400;\" aria-level=\"1\"><span style=\"font-weight: 400;\">Izgalmas \u00e9s v\u00e1ltozatos projektek<\/span><\/li>\n<li style=\"font-weight: 400;\" aria-level=\"1\"><span style=\"font-weight: 400;\">Nyitott, j\u00f3 hangulat\u00fa, \u00f6sszetart\u00f3 csapat<\/span><\/li>\n<li style=\"font-weight: 400;\" aria-level=\"1\"><span style=\"font-weight: 400;\">Inspir\u00e1l\u00f3 szakmai l\u00e9gk\u00f6r, rendszeres bels\u0151 k\u00e9pz\u00e9sek<\/span><\/li>\n<li style=\"font-weight: 400;\" aria-level=\"1\"><span style=\"font-weight: 400;\">Rendk\u00edv\u00fcl innovat\u00edv c\u00e9gvezet\u00e9s, dinamikusan fejl\u0151d\u0151 c\u00e9g<\/span><\/li>\n<\/ul>\n<p style=\"text-align: justify;\">\n<p><b>Munkav\u00e9gz\u00e9s helye:<\/b> <span style=\"font-weight: 400;\">nem helyhez k\u00f6t\u00f6tt, tan\u00e1csad\u00f3ink orsz\u00e1gos lefedetts\u00e9ggel dolgoznak<\/span><\/p>\n<p><b>Munkaid\u0151:<\/b> <span style=\"font-weight: 400;\">f\u0151\u00e1ll\u00e1s<\/span><\/p>\n<p><b>Munk\u00e1ba \u00e1ll\u00e1s kezdete:<\/b> <span style=\"font-weight: 400;\">ak\u00e1r azonnal<\/span><\/p>\n<p><span style=\"font-weight: 400;\">Jelentkez\u00e9s: Amennyiben alkalmasnak gondolod magad a munkak\u00f6r bet\u00f6lt\u00e9s\u00e9re, v\u00e1rjuk p\u00e1ly\u00e1zatod (f\u00e9nyk\u00e9pes, magyar nyelv\u0171 \u00f6n\u00e9letrajz, b\u00e9rig\u00e9ny megjel\u00f6l\u00e9s\u00e9vel) a <\/span><b>job@dyntell.com<\/b> <span style=\"font-weight: 400;\">email c\u00edmre, a t\u00e1rgy mez\u0151ben<\/span> <b>&#8222;ERP Tan\u00e1csad\u00f3&#8221;<\/b><b>&#8211;<\/b><span style=\"font-weight: 400;\">k\u00e9nt megjel\u00f6lve.<\/span><\/p>\n<p><span style=\"font-weight: 400;\">\u00a0<\/span><\/p>\n","protected":false},"excerpt":{"rendered":"<p>A Dyntell Software (www.dyntell.com) debreceni k\u00f6zpont\u00fa szoftverfejleszt\u0151 v\u00e1llalat, amely k\u00f6zel h\u00e1rom \u00e9vtizedes m\u00falttal fejleszt \u00e9s vezet be v\u00e1llalatir\u00e1ny\u00edt\u00e1si (ERP), \u00e9s \u00fczleti intelligencia (BI) \u00e9s mesters\u00e9ges intelligencia (AI) rendszereket a vil\u00e1g sz\u00e1mos pontj\u00e1n. Az \u00fczleti rendszerek piac\u00e1n jelenleg forradalom zajlik: a v\u00e1llalati digit\u00e1lis idegrendszer megalkot\u00e1sa, amely a mesters\u00e9ges intelligencia seg\u00edts\u00e9g\u00e9vel \u00e1t fogja alak\u00edtani a glob\u00e1lis gazdas\u00e1g [&hellip;]<\/p>\n<a class=\"cv-readmore\" href=\"https:\/\/karrier.dyntell.com\/index.php\/erp-tanacsado-2\/\">Read More<\/a>","protected":false},"author":7,"featured_media":0,"parent":0,"menu_order":0,"comment_status":"closed","ping_status":"closed","template":"pagewithslider.php","meta":{"_monsterinsights_skip_tracking":false,"_monsterinsights_sitenote_active":false,"_monsterinsights_sitenote_note":"","_monsterinsights_sitenote_category":0,"footnotes":""},"class_list":["post-1301","page","type-page","status-publish","hentry"],"_links":{"self":[{"href":"https:\/\/karrier.dyntell.com\/index.php\/wp-json\/wp\/v2\/pages\/1301","targetHints":{"allow":["GET"]}}],"collection":[{"href":"https:\/\/karrier.dyntell.com\/index.php\/wp-json\/wp\/v2\/pages"}],"about":[{"href":"https:\/\/karrier.dyntell.com\/index.php\/wp-json\/wp\/v2\/types\/page"}],"author":[{"embeddable":true,"href":"https:\/\/karrier.dyntell.com\/index.php\/wp-json\/wp\/v2\/users\/7"}],"replies":[{"embeddable":true,"href":"https:\/\/karrier.dyntell.com\/index.php\/wp-json\/wp\/v2\/comments?post=1301"}],"version-history":[{"count":11,"href":"https:\/\/karrier.dyntell.com\/index.php\/wp-json\/wp\/v2\/pages\/1301\/revisions"}],"predecessor-version":[{"id":1568,"href":"https:\/\/karrier.dyntell.com\/index.php\/wp-json\/wp\/v2\/pages\/1301\/revisions\/1568"}],"wp:attachment":[{"href":"https:\/\/karrier.dyntell.com\/index.php\/wp-json\/wp\/v2\/media?parent=1301"}],"curies":[{"name":"wp","href":"https:\/\/api.w.org\/{rel}","templated":true}]}}